{"id":2407,"date":"2022-11-14T13:33:41","date_gmt":"2022-11-14T12:33:41","guid":{"rendered":"https:\/\/design-in.city\/fr\/?post_type=shop&#038;p=2407"},"modified":"2023-07-17T14:25:07","modified_gmt":"2023-07-17T12:25:07","slug":"florilege","status":"publish","type":"shop","link":"https:\/\/design-in.city\/fr\/shop\/florilege\/","title":{"rendered":"Floril\u00e8ge &#038; Nemus"},"content":{"rendered":"<p>Librairie sp\u00e9cialis\u00e9e en livre jeunesse et jeux. Entrer chez Floril\u00e8ge, c\u2019est se donner le temps d&rsquo;observer, jouer, comprendre ou voyager. Le designer a construit des meubles vitrines recto-verso afin de maximiser le rangement et la visibilit\u00e9.<\/p>\n","protected":false},"featured_media":2603,"template":"","acf":[],"yoast_head":"<!-- This site is optimized with the Yoast SEO plugin v18.4.1 - https:\/\/yoast.com\/wordpress\/plugins\/seo\/ -->\n<title>Floril\u00e8ge &amp; Nemus - Design&#039;In<\/title>\n<meta name=\"robots\" content=\"index, follow, max-snippet:-1, max-image-preview:large, max-video-preview:-1\" \/>\n<link rel=\"canonical\" href=\"https:\/\/design-in.city\/fr\/shop\/florilege\/\" \/>\n<meta property=\"og:locale\" content=\"fr_FR\" \/>\n<meta property=\"og:type\" content=\"article\" \/>\n<meta property=\"og:title\" content=\"Floril\u00e8ge &amp; Nemus - Design&#039;In\" \/>\n<meta property=\"og:description\" content=\"Librairie sp\u00e9cialis\u00e9e en livre jeunesse et jeux. Entrer chez Floril\u00e8ge, c\u2019est se donner le temps d&rsquo;observer, jouer, comprendre ou voyager. Le designer a construit des meubles vitrines\" \/>\n<meta property=\"og:url\" content=\"https:\/\/design-in.city\/fr\/shop\/florilege\/\" \/>\n<meta property=\"og:site_name\" content=\"Design&#039;In\" \/>\n<meta property=\"article:modified_time\" content=\"2023-07-17T12:25:07+00:00\" \/>\n<meta property=\"og:image\" content=\"https:\/\/design-in.city\/wp-content\/uploads\/2022\/11\/Florilege_DIS-MONS-II_Nemus-4_entete.jpg\" \/>\n\t<meta property=\"og:image:width\" content=\"1417\" \/>\n\t<meta property=\"og:image:height\" content=\"945\" \/>\n\t<meta property=\"og:image:type\" content=\"image\/jpeg\" \/>\n<meta name=\"twitter:card\" content=\"summary_large_image\" \/>\n<script type=\"application\/ld+json\" class=\"yoast-schema-graph\">{\"@context\":\"https:\/\/schema.org\",\"@graph\":[{\"@type\":\"WebSite\",\"@id\":\"http:\/\/design-in.city\/fr\/#website\",\"url\":\"http:\/\/design-in.city\/fr\/\",\"name\":\"Design&#039;In\",\"description\":\"L\u2019objectif du projet DESIGN IN est de renforcer et stimuler le d\u00e9veloppement des commerces de centre-ville par l\u2019int\u00e9gration du design\",\"potentialAction\":[{\"@type\":\"SearchAction\",\"target\":{\"@type\":\"EntryPoint\",\"urlTemplate\":\"http:\/\/design-in.city\/fr\/?s={search_term_string}\"},\"query-input\":\"required name=search_term_string\"}],\"inLanguage\":\"fr-FR\"},{\"@type\":\"ImageObject\",\"@id\":\"https:\/\/design-in.city\/fr\/shop\/florilege\/#primaryimage\",\"inLanguage\":\"fr-FR\",\"url\":\"https:\/\/design-in.city\/wp-content\/uploads\/2022\/11\/Florilege_DIS-MONS-II_Nemus-4_entete.jpg\",\"contentUrl\":\"https:\/\/design-in.city\/wp-content\/uploads\/2022\/11\/Florilege_DIS-MONS-II_Nemus-4_entete.jpg\",\"width\":1417,\"height\":945},{\"@type\":\"WebPage\",\"@id\":\"https:\/\/design-in.city\/fr\/shop\/florilege\/#webpage\",\"url\":\"https:\/\/design-in.city\/fr\/shop\/florilege\/\",\"name\":\"Floril\u00e8ge & Nemus - Design&#039;In\",\"isPartOf\":{\"@id\":\"http:\/\/design-in.city\/fr\/#website\"},\"primaryImageOfPage\":{\"@id\":\"https:\/\/design-in.city\/fr\/shop\/florilege\/#primaryimage\"},\"datePublished\":\"2022-11-14T12:33:41+00:00\",\"dateModified\":\"2023-07-17T12:25:07+00:00\",\"breadcrumb\":{\"@id\":\"https:\/\/design-in.city\/fr\/shop\/florilege\/#breadcrumb\"},\"inLanguage\":\"fr-FR\",\"potentialAction\":[{\"@type\":\"ReadAction\",\"target\":[\"https:\/\/design-in.city\/fr\/shop\/florilege\/\"]}]},{\"@type\":\"BreadcrumbList\",\"@id\":\"https:\/\/design-in.city\/fr\/shop\/florilege\/#breadcrumb\",\"itemListElement\":[{\"@type\":\"ListItem\",\"position\":1,\"name\":\"Accueil\",\"item\":\"http:\/\/design-in.city\/fr\/\"},{\"@type\":\"ListItem\",\"position\":2,\"name\":\"Floril\u00e8ge &#038; Nemus\"}]}]}<\/script>\n<!-- \/ Yoast SEO plugin. -->","yoast_head_json":{"title":"Floril\u00e8ge & Nemus - Design&#039;In","robots":{"index":"index","follow":"follow","max-snippet":"max-snippet:-1","max-image-preview":"max-image-preview:large","max-video-preview":"max-video-preview:-1"},"canonical":"https:\/\/design-in.city\/fr\/shop\/florilege\/","og_locale":"fr_FR","og_type":"article","og_title":"Floril\u00e8ge & Nemus - Design&#039;In","og_description":"Librairie sp\u00e9cialis\u00e9e en livre jeunesse et jeux. Entrer chez Floril\u00e8ge, c\u2019est se donner le temps d&rsquo;observer, jouer, comprendre ou voyager. Le designer a construit des meubles vitrines","og_url":"https:\/\/design-in.city\/fr\/shop\/florilege\/","og_site_name":"Design&#039;In","article_modified_time":"2023-07-17T12:25:07+00:00","og_image":[{"width":1417,"height":945,"url":"https:\/\/design-in.city\/wp-content\/uploads\/2022\/11\/Florilege_DIS-MONS-II_Nemus-4_entete.jpg","type":"image\/jpeg"}],"twitter_card":"summary_large_image","schema":{"@context":"https:\/\/schema.org","@graph":[{"@type":"WebSite","@id":"http:\/\/design-in.city\/fr\/#website","url":"http:\/\/design-in.city\/fr\/","name":"Design&#039;In","description":"L\u2019objectif du projet DESIGN IN est de renforcer et stimuler le d\u00e9veloppement des commerces de centre-ville par l\u2019int\u00e9gration du design","potentialAction":[{"@type":"SearchAction","target":{"@type":"EntryPoint","urlTemplate":"http:\/\/design-in.city\/fr\/?s={search_term_string}"},"query-input":"required name=search_term_string"}],"inLanguage":"fr-FR"},{"@type":"ImageObject","@id":"https:\/\/design-in.city\/fr\/shop\/florilege\/#primaryimage","inLanguage":"fr-FR","url":"https:\/\/design-in.city\/wp-content\/uploads\/2022\/11\/Florilege_DIS-MONS-II_Nemus-4_entete.jpg","contentUrl":"https:\/\/design-in.city\/wp-content\/uploads\/2022\/11\/Florilege_DIS-MONS-II_Nemus-4_entete.jpg","width":1417,"height":945},{"@type":"WebPage","@id":"https:\/\/design-in.city\/fr\/shop\/florilege\/#webpage","url":"https:\/\/design-in.city\/fr\/shop\/florilege\/","name":"Floril\u00e8ge & Nemus - Design&#039;In","isPartOf":{"@id":"http:\/\/design-in.city\/fr\/#website"},"primaryImageOfPage":{"@id":"https:\/\/design-in.city\/fr\/shop\/florilege\/#primaryimage"},"datePublished":"2022-11-14T12:33:41+00:00","dateModified":"2023-07-17T12:25:07+00:00","breadcrumb":{"@id":"https:\/\/design-in.city\/fr\/shop\/florilege\/#breadcrumb"},"inLanguage":"fr-FR","potentialAction":[{"@type":"ReadAction","target":["https:\/\/design-in.city\/fr\/shop\/florilege\/"]}]},{"@type":"BreadcrumbList","@id":"https:\/\/design-in.city\/fr\/shop\/florilege\/#breadcrumb","itemListElement":[{"@type":"ListItem","position":1,"name":"Accueil","item":"http:\/\/design-in.city\/fr\/"},{"@type":"ListItem","position":2,"name":"Floril\u00e8ge &#038; Nemus"}]}]}},"_links":{"self":[{"href":"https:\/\/design-in.city\/fr\/wp-json\/wp\/v2\/shop\/2407"}],"collection":[{"href":"https:\/\/design-in.city\/fr\/wp-json\/wp\/v2\/shop"}],"about":[{"href":"https:\/\/design-in.city\/fr\/wp-json\/wp\/v2\/types\/shop"}],"wp:featuredmedia":[{"embeddable":true,"href":"https:\/\/design-in.city\/fr\/wp-json\/wp\/v2\/media\/2603"}],"wp:attachment":[{"href":"https:\/\/design-in.city\/fr\/wp-json\/wp\/v2\/media?parent=2407"}],"curies":[{"name":"wp","href":"https:\/\/api.w.org\/{rel}","templated":true}]}}

Florilège &#038; Nemus

<p>Librairie spécialisée en livre jeunesse et jeux. Entrer chez Florilège, c’est se donner le temps d&rsquo;observer, jouer, comprendre ou voyager. Le designer a construit des meubles vitrines recto-verso afin de maximiser le rangement et la visibilité.</p>

<!-- This site is optimized with the Yoast SEO plugin v18.4.1 - https://yoast.com/wordpress/plugins/seo/ -->
<title>Florilège &amp; Nemus - Design&#039;In</title>
<meta name="robots" content="index, follow, max-snippet:-1, max-image-preview:large, max-video-preview:-1" />
<link rel="canonical" href="https://design-in.city/fr/shop/florilege/" />
<meta property="og:locale" content="fr_FR" />
<meta property="og:type" content="article" />
<meta property="og:title" content="Florilège &amp; Nemus - Design&#039;In" />
<meta property="og:description" content="Librairie spécialisée en livre jeunesse et jeux. Entrer chez Florilège, c’est se donner le temps d&rsquo;observer, jouer, comprendre ou voyager. Le designer a construit des meubles vitrines" />
<meta property="og:url" content="https://design-in.city/fr/shop/florilege/" />
<meta property="og:site_name" content="Design&#039;In" />
<meta property="article:modified_time" content="2023-07-17T12:25:07+00:00" />
<meta property="og:image" content="https://design-in.city/wp-content/uploads/2022/11/Florilege_DIS-MONS-II_Nemus-4_entete.jpg" />
	<meta property="og:image:width" content="1417" />
	<meta property="og:image:height" content="945" />
	<meta property="og:image:type" content="image/jpeg" />
<meta name="twitter:card" content="summary_large_image" />
<script type="application/ld+json" class="yoast-schema-graph">{"@context":"https://schema.org","@graph":[{"@type":"WebSite","@id":"http://design-in.city/fr/#website","url":"http://design-in.city/fr/","name":"Design&#039;In","description":"L’objectif du projet DESIGN IN est de renforcer et stimuler le développement des commerces de centre-ville par l’intégration du design","potentialAction":[{"@type":"SearchAction","target":{"@type":"EntryPoint","urlTemplate":"http://design-in.city/fr/?s={search_term_string}"},"query-input":"required name=search_term_string"}],"inLanguage":"fr-FR"},{"@type":"ImageObject","@id":"https://design-in.city/fr/shop/florilege/#primaryimage","inLanguage":"fr-FR","url":"https://design-in.city/wp-content/uploads/2022/11/Florilege_DIS-MONS-II_Nemus-4_entete.jpg","contentUrl":"https://design-in.city/wp-content/uploads/2022/11/Florilege_DIS-MONS-II_Nemus-4_entete.jpg","width":1417,"height":945},{"@type":"WebPage","@id":"https://design-in.city/fr/shop/florilege/#webpage","url":"https://design-in.city/fr/shop/florilege/","name":"Florilège & Nemus - Design&#039;In","isPartOf":{"@id":"http://design-in.city/fr/#website"},"primaryImageOfPage":{"@id":"https://design-in.city/fr/shop/florilege/#primaryimage"},"datePublished":"2022-11-14T12:33:41+00:00","dateModified":"2023-07-17T12:25:07+00:00","breadcrumb":{"@id":"https://design-in.city/fr/shop/florilege/#breadcrumb"},"inLanguage":"fr-FR","potentialAction":[{"@type":"ReadAction","target":["https://design-in.city/fr/shop/florilege/"]}]},{"@type":"BreadcrumbList","@id":"https://design-in.city/fr/shop/florilege/#breadcrumb","itemListElement":[{"@type":"ListItem","position":1,"name":"Accueil","item":"http://design-in.city/fr/"},{"@type":"ListItem","position":2,"name":"Florilège &#038; Nemus"}]}]}</script>
<!-- / Yoast SEO plugin. -->

Florilège & Nemus - Design&#039;In

Librairie spécialisée en livre jeunesse et jeux. Entrer chez Florilège, c’est se donner le temps d&rsquo;observer, jouer, comprendre ou voyager. Le designer a construit des meubles vitrines

L’objectif du projet DESIGN IN est de renforcer et stimuler le développement des commerces de centre-ville par l’intégration du design
