{"id":1283,"date":"2021-11-02T12:02:15","date_gmt":"2021-11-02T11:02:15","guid":{"rendered":"https:\/\/design-in.city\/fr\/?p=1283"},"modified":"2021-11-16T10:40:18","modified_gmt":"2021-11-16T09:40:18","slug":"ma-soeur-et-moi-x-present-it","status":"publish","type":"shop","link":"https:\/\/design-in.city\/fr\/shop\/ma-soeur-et-moi-x-present-it\/","title":{"rendered":"Ma S\u0153ur Et Moi &#038; Present It"},"content":{"rendered":"<p>Sp\u00e9cialis\u00e9 dans la mode f\u00e9minine, le magasin Ma soeur et moi a collabor\u00e9 avec Present It (Bernard De Landsheer) pour am\u00e9liorer sa visibilit\u00e9 ext\u00e9rieure. Les vitrines ont \u00e9t\u00e9 repens\u00e9es dans ce sens, avec un travail sur l\u2019\u00e9clairage et en concevant des estrades en bois qui permettent une pr\u00e9sentation optimale des mannequins. Celles-ci sont pour cela motoris\u00e9es afin de permettre aux mannequins de tourner \u00e0 360\u00b0 et ainsi amener un aspect dynamique aux deux vitrines.<\/p>\n","protected":false},"featured_media":1444,"template":"","acf":[],"yoast_head":"<!-- This site is optimized with the Yoast SEO plugin v18.4.1 - https:\/\/yoast.com\/wordpress\/plugins\/seo\/ -->\n<title>Ma S\u0153ur Et Moi &amp; Present It - Design&#039;In<\/title>\n<meta name=\"robots\" content=\"index, follow, max-snippet:-1, max-image-preview:large, max-video-preview:-1\" \/>\n<link rel=\"canonical\" href=\"https:\/\/design-in.city\/fr\/shop\/ma-soeur-et-moi-x-present-it\/\" \/>\n<meta property=\"og:locale\" content=\"fr_FR\" \/>\n<meta property=\"og:type\" content=\"article\" \/>\n<meta property=\"og:title\" content=\"Ma S\u0153ur Et Moi &amp; Present It - Design&#039;In\" \/>\n<meta property=\"og:description\" content=\"Sp\u00e9cialis\u00e9 dans la mode f\u00e9minine, le magasin Ma soeur et moi a collabor\u00e9 avec Present It (Bernard De Landsheer) pour am\u00e9liorer sa visibilit\u00e9 ext\u00e9rieure. Les vitrines ont\" \/>\n<meta property=\"og:url\" content=\"https:\/\/design-in.city\/fr\/shop\/ma-soeur-et-moi-x-present-it\/\" \/>\n<meta property=\"og:site_name\" content=\"Design&#039;In\" \/>\n<meta property=\"article:modified_time\" content=\"2021-11-16T09:40:18+00:00\" \/>\n<meta property=\"og:image\" content=\"https:\/\/design-in.city\/wp-content\/uploads\/2021\/11\/03-2021-Design-in-shops_MaSoeurEtMoi\u00a9AccalmieStudio-4-scaled.jpg\" \/>\n\t<meta property=\"og:image:width\" content=\"2560\" \/>\n\t<meta property=\"og:image:height\" content=\"1707\" \/>\n\t<meta property=\"og:image:type\" content=\"image\/jpeg\" \/>\n<meta name=\"twitter:card\" content=\"summary_large_image\" \/>\n<script type=\"application\/ld+json\" class=\"yoast-schema-graph\">{\"@context\":\"https:\/\/schema.org\",\"@graph\":[{\"@type\":\"WebSite\",\"@id\":\"http:\/\/design-in.city\/fr\/#website\",\"url\":\"http:\/\/design-in.city\/fr\/\",\"name\":\"Design&#039;In\",\"description\":\"L\u2019objectif du projet DESIGN IN est de renforcer et stimuler le d\u00e9veloppement des commerces de centre-ville par l\u2019int\u00e9gration du design\",\"potentialAction\":[{\"@type\":\"SearchAction\",\"target\":{\"@type\":\"EntryPoint\",\"urlTemplate\":\"http:\/\/design-in.city\/fr\/?s={search_term_string}\"},\"query-input\":\"required name=search_term_string\"}],\"inLanguage\":\"fr-FR\"},{\"@type\":\"ImageObject\",\"@id\":\"https:\/\/design-in.city\/fr\/shop\/ma-soeur-et-moi-x-present-it\/#primaryimage\",\"inLanguage\":\"fr-FR\",\"url\":\"https:\/\/design-in.city\/wp-content\/uploads\/2021\/11\/03-2021-Design-in-shops_MaSoeurEtMoi\u00a9AccalmieStudio-4-scaled.jpg\",\"contentUrl\":\"https:\/\/design-in.city\/wp-content\/uploads\/2021\/11\/03-2021-Design-in-shops_MaSoeurEtMoi\u00a9AccalmieStudio-4-scaled.jpg\",\"width\":2560,\"height\":1707},{\"@type\":\"WebPage\",\"@id\":\"https:\/\/design-in.city\/fr\/shop\/ma-soeur-et-moi-x-present-it\/#webpage\",\"url\":\"https:\/\/design-in.city\/fr\/shop\/ma-soeur-et-moi-x-present-it\/\",\"name\":\"Ma S\u0153ur Et Moi & Present It - Design&#039;In\",\"isPartOf\":{\"@id\":\"http:\/\/design-in.city\/fr\/#website\"},\"primaryImageOfPage\":{\"@id\":\"https:\/\/design-in.city\/fr\/shop\/ma-soeur-et-moi-x-present-it\/#primaryimage\"},\"datePublished\":\"2021-11-02T11:02:15+00:00\",\"dateModified\":\"2021-11-16T09:40:18+00:00\",\"breadcrumb\":{\"@id\":\"https:\/\/design-in.city\/fr\/shop\/ma-soeur-et-moi-x-present-it\/#breadcrumb\"},\"inLanguage\":\"fr-FR\",\"potentialAction\":[{\"@type\":\"ReadAction\",\"target\":[\"https:\/\/design-in.city\/fr\/shop\/ma-soeur-et-moi-x-present-it\/\"]}]},{\"@type\":\"BreadcrumbList\",\"@id\":\"https:\/\/design-in.city\/fr\/shop\/ma-soeur-et-moi-x-present-it\/#breadcrumb\",\"itemListElement\":[{\"@type\":\"ListItem\",\"position\":1,\"name\":\"Accueil\",\"item\":\"http:\/\/design-in.city\/fr\/\"},{\"@type\":\"ListItem\",\"position\":2,\"name\":\"Ma S\u0153ur Et Moi &#038; Present It\"}]}]}<\/script>\n<!-- \/ Yoast SEO plugin. -->","yoast_head_json":{"title":"Ma S\u0153ur Et Moi & Present It - Design&#039;In","robots":{"index":"index","follow":"follow","max-snippet":"max-snippet:-1","max-image-preview":"max-image-preview:large","max-video-preview":"max-video-preview:-1"},"canonical":"https:\/\/design-in.city\/fr\/shop\/ma-soeur-et-moi-x-present-it\/","og_locale":"fr_FR","og_type":"article","og_title":"Ma S\u0153ur Et Moi & Present It - Design&#039;In","og_description":"Sp\u00e9cialis\u00e9 dans la mode f\u00e9minine, le magasin Ma soeur et moi a collabor\u00e9 avec Present It (Bernard De Landsheer) pour am\u00e9liorer sa visibilit\u00e9 ext\u00e9rieure. Les vitrines ont","og_url":"https:\/\/design-in.city\/fr\/shop\/ma-soeur-et-moi-x-present-it\/","og_site_name":"Design&#039;In","article_modified_time":"2021-11-16T09:40:18+00:00","og_image":[{"width":2560,"height":1707,"url":"https:\/\/design-in.city\/wp-content\/uploads\/2021\/11\/03-2021-Design-in-shops_MaSoeurEtMoi\u00a9AccalmieStudio-4-scaled.jpg","type":"image\/jpeg"}],"twitter_card":"summary_large_image","schema":{"@context":"https:\/\/schema.org","@graph":[{"@type":"WebSite","@id":"http:\/\/design-in.city\/fr\/#website","url":"http:\/\/design-in.city\/fr\/","name":"Design&#039;In","description":"L\u2019objectif du projet DESIGN IN est de renforcer et stimuler le d\u00e9veloppement des commerces de centre-ville par l\u2019int\u00e9gration du design","potentialAction":[{"@type":"SearchAction","target":{"@type":"EntryPoint","urlTemplate":"http:\/\/design-in.city\/fr\/?s={search_term_string}"},"query-input":"required name=search_term_string"}],"inLanguage":"fr-FR"},{"@type":"ImageObject","@id":"https:\/\/design-in.city\/fr\/shop\/ma-soeur-et-moi-x-present-it\/#primaryimage","inLanguage":"fr-FR","url":"https:\/\/design-in.city\/wp-content\/uploads\/2021\/11\/03-2021-Design-in-shops_MaSoeurEtMoi\u00a9AccalmieStudio-4-scaled.jpg","contentUrl":"https:\/\/design-in.city\/wp-content\/uploads\/2021\/11\/03-2021-Design-in-shops_MaSoeurEtMoi\u00a9AccalmieStudio-4-scaled.jpg","width":2560,"height":1707},{"@type":"WebPage","@id":"https:\/\/design-in.city\/fr\/shop\/ma-soeur-et-moi-x-present-it\/#webpage","url":"https:\/\/design-in.city\/fr\/shop\/ma-soeur-et-moi-x-present-it\/","name":"Ma S\u0153ur Et Moi & Present It - Design&#039;In","isPartOf":{"@id":"http:\/\/design-in.city\/fr\/#website"},"primaryImageOfPage":{"@id":"https:\/\/design-in.city\/fr\/shop\/ma-soeur-et-moi-x-present-it\/#primaryimage"},"datePublished":"2021-11-02T11:02:15+00:00","dateModified":"2021-11-16T09:40:18+00:00","breadcrumb":{"@id":"https:\/\/design-in.city\/fr\/shop\/ma-soeur-et-moi-x-present-it\/#breadcrumb"},"inLanguage":"fr-FR","potentialAction":[{"@type":"ReadAction","target":["https:\/\/design-in.city\/fr\/shop\/ma-soeur-et-moi-x-present-it\/"]}]},{"@type":"BreadcrumbList","@id":"https:\/\/design-in.city\/fr\/shop\/ma-soeur-et-moi-x-present-it\/#breadcrumb","itemListElement":[{"@type":"ListItem","position":1,"name":"Accueil","item":"http:\/\/design-in.city\/fr\/"},{"@type":"ListItem","position":2,"name":"Ma S\u0153ur Et Moi &#038; Present It"}]}]}},"_links":{"self":[{"href":"https:\/\/design-in.city\/fr\/wp-json\/wp\/v2\/shop\/1283"}],"collection":[{"href":"https:\/\/design-in.city\/fr\/wp-json\/wp\/v2\/shop"}],"about":[{"href":"https:\/\/design-in.city\/fr\/wp-json\/wp\/v2\/types\/shop"}],"wp:featuredmedia":[{"embeddable":true,"href":"https:\/\/design-in.city\/fr\/wp-json\/wp\/v2\/media\/1444"}],"wp:attachment":[{"href":"https:\/\/design-in.city\/fr\/wp-json\/wp\/v2\/media?parent=1283"}],"curies":[{"name":"wp","href":"https:\/\/api.w.org\/{rel}","templated":true}]}}

Ma Sœur Et Moi &#038; Present It

<p>Spécialisé dans la mode féminine, le magasin Ma soeur et moi a collaboré avec Present It (Bernard De Landsheer) pour améliorer sa visibilité extérieure. Les vitrines ont été repensées dans ce sens, avec un travail sur l’éclairage et en concevant des estrades en bois qui permettent une présentation optimale des mannequins. Celles-ci sont pour cela motorisées afin de permettre aux mannequins de tourner à 360° et ainsi amener un aspect dynamique aux deux vitrines.</p>

<!-- This site is optimized with the Yoast SEO plugin v18.4.1 - https://yoast.com/wordpress/plugins/seo/ -->
<title>Ma Sœur Et Moi &amp; Present It - Design&#039;In</title>
<meta name="robots" content="index, follow, max-snippet:-1, max-image-preview:large, max-video-preview:-1" />
<link rel="canonical" href="https://design-in.city/fr/shop/ma-soeur-et-moi-x-present-it/" />
<meta property="og:locale" content="fr_FR" />
<meta property="og:type" content="article" />
<meta property="og:title" content="Ma Sœur Et Moi &amp; Present It - Design&#039;In" />
<meta property="og:description" content="Spécialisé dans la mode féminine, le magasin Ma soeur et moi a collaboré avec Present It (Bernard De Landsheer) pour améliorer sa visibilité extérieure. Les vitrines ont" />
<meta property="og:url" content="https://design-in.city/fr/shop/ma-soeur-et-moi-x-present-it/" />
<meta property="og:site_name" content="Design&#039;In" />
<meta property="article:modified_time" content="2021-11-16T09:40:18+00:00" />
<meta property="og:image" content="https://design-in.city/wp-content/uploads/2021/11/03-2021-Design-in-shops_MaSoeurEtMoi©AccalmieStudio-4-scaled.jpg" />
	<meta property="og:image:width" content="2560" />
	<meta property="og:image:height" content="1707" />
	<meta property="og:image:type" content="image/jpeg" />
<meta name="twitter:card" content="summary_large_image" />
<script type="application/ld+json" class="yoast-schema-graph">{"@context":"https://schema.org","@graph":[{"@type":"WebSite","@id":"http://design-in.city/fr/#website","url":"http://design-in.city/fr/","name":"Design&#039;In","description":"L’objectif du projet DESIGN IN est de renforcer et stimuler le développement des commerces de centre-ville par l’intégration du design","potentialAction":[{"@type":"SearchAction","target":{"@type":"EntryPoint","urlTemplate":"http://design-in.city/fr/?s={search_term_string}"},"query-input":"required name=search_term_string"}],"inLanguage":"fr-FR"},{"@type":"ImageObject","@id":"https://design-in.city/fr/shop/ma-soeur-et-moi-x-present-it/#primaryimage","inLanguage":"fr-FR","url":"https://design-in.city/wp-content/uploads/2021/11/03-2021-Design-in-shops_MaSoeurEtMoi©AccalmieStudio-4-scaled.jpg","contentUrl":"https://design-in.city/wp-content/uploads/2021/11/03-2021-Design-in-shops_MaSoeurEtMoi©AccalmieStudio-4-scaled.jpg","width":2560,"height":1707},{"@type":"WebPage","@id":"https://design-in.city/fr/shop/ma-soeur-et-moi-x-present-it/#webpage","url":"https://design-in.city/fr/shop/ma-soeur-et-moi-x-present-it/","name":"Ma Sœur Et Moi & Present It - Design&#039;In","isPartOf":{"@id":"http://design-in.city/fr/#website"},"primaryImageOfPage":{"@id":"https://design-in.city/fr/shop/ma-soeur-et-moi-x-present-it/#primaryimage"},"datePublished":"2021-11-02T11:02:15+00:00","dateModified":"2021-11-16T09:40:18+00:00","breadcrumb":{"@id":"https://design-in.city/fr/shop/ma-soeur-et-moi-x-present-it/#breadcrumb"},"inLanguage":"fr-FR","potentialAction":[{"@type":"ReadAction","target":["https://design-in.city/fr/shop/ma-soeur-et-moi-x-present-it/"]}]},{"@type":"BreadcrumbList","@id":"https://design-in.city/fr/shop/ma-soeur-et-moi-x-present-it/#breadcrumb","itemListElement":[{"@type":"ListItem","position":1,"name":"Accueil","item":"http://design-in.city/fr/"},{"@type":"ListItem","position":2,"name":"Ma Sœur Et Moi &#038; Present It"}]}]}</script>
<!-- / Yoast SEO plugin. -->

Ma Sœur Et Moi & Present It - Design&#039;In

Spécialisé dans la mode féminine, le magasin Ma soeur et moi a collaboré avec Present It (Bernard De Landsheer) pour améliorer sa visibilité extérieure. Les vitrines ont

L’objectif du projet DESIGN IN est de renforcer et stimuler le développement des commerces de centre-ville par l’intégration du design
