{"id":1282,"date":"2021-11-02T12:02:15","date_gmt":"2021-11-02T11:02:15","guid":{"rendered":"https:\/\/design-in.city\/fr\/?p=1282"},"modified":"2021-11-16T10:40:21","modified_gmt":"2021-11-16T09:40:21","slug":"boho-x-spationaute-design","status":"publish","type":"shop","link":"https:\/\/design-in.city\/fr\/shop\/boho-x-spationaute-design\/","title":{"rendered":"Boho &#038; Spationaute Design"},"content":{"rendered":"<p>Boho se consacre aux accessoires de mode r\u00e9alis\u00e9s par des cr\u00e9ateurs belges et europ\u00e9ens. Afin de pr\u00e9senter une offre vari\u00e9e d\u2019articles de fa\u00e7on optimale, Spationaute design (Matthieu Vereertbrugghen) a con\u00e7u des \u00e9l\u00e9ments de mobilier sur mesure pour la vitrine et l\u2019espace comptoir. Des plans de travail en ch\u00eane sur caissons blanc modulent l\u2019espace avant du commerce. Un portant tubulaire et des miroirs incrust\u00e9s am\u00e8nent une touche unique au mobilier, tout en r\u00e9pondant aux besoins ergonomiques du commerce et de la client\u00e8le.<\/p>\n","protected":false},"featured_media":1471,"template":"","acf":[],"yoast_head":"<!-- This site is optimized with the Yoast SEO plugin v18.4.1 - https:\/\/yoast.com\/wordpress\/plugins\/seo\/ -->\n<title>Boho &amp; Spationaute Design - Design&#039;In<\/title>\n<meta name=\"robots\" content=\"index, follow, max-snippet:-1, max-image-preview:large, max-video-preview:-1\" \/>\n<link rel=\"canonical\" href=\"https:\/\/design-in.city\/fr\/shop\/boho-x-spationaute-design\/\" \/>\n<meta property=\"og:locale\" content=\"fr_FR\" \/>\n<meta property=\"og:type\" content=\"article\" \/>\n<meta property=\"og:title\" content=\"Boho &amp; Spationaute Design - Design&#039;In\" \/>\n<meta property=\"og:description\" content=\"Boho se consacre aux accessoires de mode r\u00e9alis\u00e9s par des cr\u00e9ateurs belges et europ\u00e9ens. Afin de pr\u00e9senter une offre vari\u00e9e d\u2019articles de fa\u00e7on optimale, Spationaute design (Matthieu\" \/>\n<meta property=\"og:url\" content=\"https:\/\/design-in.city\/fr\/shop\/boho-x-spationaute-design\/\" \/>\n<meta property=\"og:site_name\" content=\"Design&#039;In\" \/>\n<meta property=\"article:modified_time\" content=\"2021-11-16T09:40:21+00:00\" \/>\n<meta property=\"og:image\" content=\"https:\/\/design-in.city\/wp-content\/uploads\/2021\/11\/10-28-21-MDD-Design-in-shop-Mons-AccalmieStudio-1.jpg\" \/>\n\t<meta property=\"og:image:width\" content=\"2000\" \/>\n\t<meta property=\"og:image:height\" content=\"1333\" \/>\n\t<meta property=\"og:image:type\" content=\"image\/jpeg\" \/>\n<meta name=\"twitter:card\" content=\"summary_large_image\" \/>\n<script type=\"application\/ld+json\" class=\"yoast-schema-graph\">{\"@context\":\"https:\/\/schema.org\",\"@graph\":[{\"@type\":\"WebSite\",\"@id\":\"http:\/\/design-in.city\/fr\/#website\",\"url\":\"http:\/\/design-in.city\/fr\/\",\"name\":\"Design&#039;In\",\"description\":\"L\u2019objectif du projet DESIGN IN est de renforcer et stimuler le d\u00e9veloppement des commerces de centre-ville par l\u2019int\u00e9gration du design\",\"potentialAction\":[{\"@type\":\"SearchAction\",\"target\":{\"@type\":\"EntryPoint\",\"urlTemplate\":\"http:\/\/design-in.city\/fr\/?s={search_term_string}\"},\"query-input\":\"required name=search_term_string\"}],\"inLanguage\":\"fr-FR\"},{\"@type\":\"ImageObject\",\"@id\":\"https:\/\/design-in.city\/fr\/shop\/boho-x-spationaute-design\/#primaryimage\",\"inLanguage\":\"fr-FR\",\"url\":\"https:\/\/design-in.city\/wp-content\/uploads\/2021\/11\/10-28-21-MDD-Design-in-shop-Mons-AccalmieStudio-1.jpg\",\"contentUrl\":\"https:\/\/design-in.city\/wp-content\/uploads\/2021\/11\/10-28-21-MDD-Design-in-shop-Mons-AccalmieStudio-1.jpg\",\"width\":2000,\"height\":1333},{\"@type\":\"WebPage\",\"@id\":\"https:\/\/design-in.city\/fr\/shop\/boho-x-spationaute-design\/#webpage\",\"url\":\"https:\/\/design-in.city\/fr\/shop\/boho-x-spationaute-design\/\",\"name\":\"Boho & Spationaute Design - Design&#039;In\",\"isPartOf\":{\"@id\":\"http:\/\/design-in.city\/fr\/#website\"},\"primaryImageOfPage\":{\"@id\":\"https:\/\/design-in.city\/fr\/shop\/boho-x-spationaute-design\/#primaryimage\"},\"datePublished\":\"2021-11-02T11:02:15+00:00\",\"dateModified\":\"2021-11-16T09:40:21+00:00\",\"breadcrumb\":{\"@id\":\"https:\/\/design-in.city\/fr\/shop\/boho-x-spationaute-design\/#breadcrumb\"},\"inLanguage\":\"fr-FR\",\"potentialAction\":[{\"@type\":\"ReadAction\",\"target\":[\"https:\/\/design-in.city\/fr\/shop\/boho-x-spationaute-design\/\"]}]},{\"@type\":\"BreadcrumbList\",\"@id\":\"https:\/\/design-in.city\/fr\/shop\/boho-x-spationaute-design\/#breadcrumb\",\"itemListElement\":[{\"@type\":\"ListItem\",\"position\":1,\"name\":\"Accueil\",\"item\":\"http:\/\/design-in.city\/fr\/\"},{\"@type\":\"ListItem\",\"position\":2,\"name\":\"Boho &#038; Spationaute Design\"}]}]}<\/script>\n<!-- \/ Yoast SEO plugin. -->","yoast_head_json":{"title":"Boho & Spationaute Design - Design&#039;In","robots":{"index":"index","follow":"follow","max-snippet":"max-snippet:-1","max-image-preview":"max-image-preview:large","max-video-preview":"max-video-preview:-1"},"canonical":"https:\/\/design-in.city\/fr\/shop\/boho-x-spationaute-design\/","og_locale":"fr_FR","og_type":"article","og_title":"Boho & Spationaute Design - Design&#039;In","og_description":"Boho se consacre aux accessoires de mode r\u00e9alis\u00e9s par des cr\u00e9ateurs belges et europ\u00e9ens. Afin de pr\u00e9senter une offre vari\u00e9e d\u2019articles de fa\u00e7on optimale, Spationaute design (Matthieu","og_url":"https:\/\/design-in.city\/fr\/shop\/boho-x-spationaute-design\/","og_site_name":"Design&#039;In","article_modified_time":"2021-11-16T09:40:21+00:00","og_image":[{"width":2000,"height":1333,"url":"https:\/\/design-in.city\/wp-content\/uploads\/2021\/11\/10-28-21-MDD-Design-in-shop-Mons-AccalmieStudio-1.jpg","type":"image\/jpeg"}],"twitter_card":"summary_large_image","schema":{"@context":"https:\/\/schema.org","@graph":[{"@type":"WebSite","@id":"http:\/\/design-in.city\/fr\/#website","url":"http:\/\/design-in.city\/fr\/","name":"Design&#039;In","description":"L\u2019objectif du projet DESIGN IN est de renforcer et stimuler le d\u00e9veloppement des commerces de centre-ville par l\u2019int\u00e9gration du design","potentialAction":[{"@type":"SearchAction","target":{"@type":"EntryPoint","urlTemplate":"http:\/\/design-in.city\/fr\/?s={search_term_string}"},"query-input":"required name=search_term_string"}],"inLanguage":"fr-FR"},{"@type":"ImageObject","@id":"https:\/\/design-in.city\/fr\/shop\/boho-x-spationaute-design\/#primaryimage","inLanguage":"fr-FR","url":"https:\/\/design-in.city\/wp-content\/uploads\/2021\/11\/10-28-21-MDD-Design-in-shop-Mons-AccalmieStudio-1.jpg","contentUrl":"https:\/\/design-in.city\/wp-content\/uploads\/2021\/11\/10-28-21-MDD-Design-in-shop-Mons-AccalmieStudio-1.jpg","width":2000,"height":1333},{"@type":"WebPage","@id":"https:\/\/design-in.city\/fr\/shop\/boho-x-spationaute-design\/#webpage","url":"https:\/\/design-in.city\/fr\/shop\/boho-x-spationaute-design\/","name":"Boho & Spationaute Design - Design&#039;In","isPartOf":{"@id":"http:\/\/design-in.city\/fr\/#website"},"primaryImageOfPage":{"@id":"https:\/\/design-in.city\/fr\/shop\/boho-x-spationaute-design\/#primaryimage"},"datePublished":"2021-11-02T11:02:15+00:00","dateModified":"2021-11-16T09:40:21+00:00","breadcrumb":{"@id":"https:\/\/design-in.city\/fr\/shop\/boho-x-spationaute-design\/#breadcrumb"},"inLanguage":"fr-FR","potentialAction":[{"@type":"ReadAction","target":["https:\/\/design-in.city\/fr\/shop\/boho-x-spationaute-design\/"]}]},{"@type":"BreadcrumbList","@id":"https:\/\/design-in.city\/fr\/shop\/boho-x-spationaute-design\/#breadcrumb","itemListElement":[{"@type":"ListItem","position":1,"name":"Accueil","item":"http:\/\/design-in.city\/fr\/"},{"@type":"ListItem","position":2,"name":"Boho &#038; Spationaute Design"}]}]}},"_links":{"self":[{"href":"https:\/\/design-in.city\/fr\/wp-json\/wp\/v2\/shop\/1282"}],"collection":[{"href":"https:\/\/design-in.city\/fr\/wp-json\/wp\/v2\/shop"}],"about":[{"href":"https:\/\/design-in.city\/fr\/wp-json\/wp\/v2\/types\/shop"}],"wp:featuredmedia":[{"embeddable":true,"href":"https:\/\/design-in.city\/fr\/wp-json\/wp\/v2\/media\/1471"}],"wp:attachment":[{"href":"https:\/\/design-in.city\/fr\/wp-json\/wp\/v2\/media?parent=1282"}],"curies":[{"name":"wp","href":"https:\/\/api.w.org\/{rel}","templated":true}]}}

<p>Boho se consacre aux accessoires de mode réalisés par des créateurs belges et européens. Afin de présenter une offre variée d’articles de façon optimale, Spationaute design (Matthieu Vereertbrugghen) a conçu des éléments de mobilier sur mesure pour la vitrine et l’espace comptoir. Des plans de travail en chêne sur caissons blanc modulent l’espace avant du commerce. Un portant tubulaire et des miroirs incrustés amènent une touche unique au mobilier, tout en répondant aux besoins ergonomiques du commerce et de la clientèle.</p>

<!-- This site is optimized with the Yoast SEO plugin v18.4.1 - https://yoast.com/wordpress/plugins/seo/ -->
<title>Boho &amp; Spationaute Design - Design&#039;In</title>
<meta name="robots" content="index, follow, max-snippet:-1, max-image-preview:large, max-video-preview:-1" />
<link rel="canonical" href="https://design-in.city/fr/shop/boho-x-spationaute-design/" />
<meta property="og:locale" content="fr_FR" />
<meta property="og:type" content="article" />
<meta property="og:title" content="Boho &amp; Spationaute Design - Design&#039;In" />
<meta property="og:description" content="Boho se consacre aux accessoires de mode réalisés par des créateurs belges et européens. Afin de présenter une offre variée d’articles de façon optimale, Spationaute design (Matthieu" />
<meta property="og:url" content="https://design-in.city/fr/shop/boho-x-spationaute-design/" />
<meta property="og:site_name" content="Design&#039;In" />
<meta property="article:modified_time" content="2021-11-16T09:40:21+00:00" />
<meta property="og:image" content="https://design-in.city/wp-content/uploads/2021/11/10-28-21-MDD-Design-in-shop-Mons-AccalmieStudio-1.jpg" />
	<meta property="og:image:width" content="2000" />
	<meta property="og:image:height" content="1333" />
	<meta property="og:image:type" content="image/jpeg" />
<meta name="twitter:card" content="summary_large_image" />
<script type="application/ld+json" class="yoast-schema-graph">{"@context":"https://schema.org","@graph":[{"@type":"WebSite","@id":"http://design-in.city/fr/#website","url":"http://design-in.city/fr/","name":"Design&#039;In","description":"L’objectif du projet DESIGN IN est de renforcer et stimuler le développement des commerces de centre-ville par l’intégration du design","potentialAction":[{"@type":"SearchAction","target":{"@type":"EntryPoint","urlTemplate":"http://design-in.city/fr/?s={search_term_string}"},"query-input":"required name=search_term_string"}],"inLanguage":"fr-FR"},{"@type":"ImageObject","@id":"https://design-in.city/fr/shop/boho-x-spationaute-design/#primaryimage","inLanguage":"fr-FR","url":"https://design-in.city/wp-content/uploads/2021/11/10-28-21-MDD-Design-in-shop-Mons-AccalmieStudio-1.jpg","contentUrl":"https://design-in.city/wp-content/uploads/2021/11/10-28-21-MDD-Design-in-shop-Mons-AccalmieStudio-1.jpg","width":2000,"height":1333},{"@type":"WebPage","@id":"https://design-in.city/fr/shop/boho-x-spationaute-design/#webpage","url":"https://design-in.city/fr/shop/boho-x-spationaute-design/","name":"Boho & Spationaute Design - Design&#039;In","isPartOf":{"@id":"http://design-in.city/fr/#website"},"primaryImageOfPage":{"@id":"https://design-in.city/fr/shop/boho-x-spationaute-design/#primaryimage"},"datePublished":"2021-11-02T11:02:15+00:00","dateModified":"2021-11-16T09:40:21+00:00","breadcrumb":{"@id":"https://design-in.city/fr/shop/boho-x-spationaute-design/#breadcrumb"},"inLanguage":"fr-FR","potentialAction":[{"@type":"ReadAction","target":["https://design-in.city/fr/shop/boho-x-spationaute-design/"]}]},{"@type":"BreadcrumbList","@id":"https://design-in.city/fr/shop/boho-x-spationaute-design/#breadcrumb","itemListElement":[{"@type":"ListItem","position":1,"name":"Accueil","item":"http://design-in.city/fr/"},{"@type":"ListItem","position":2,"name":"Boho &#038; Spationaute Design"}]}]}</script>
<!-- / Yoast SEO plugin. -->

Boho se consacre aux accessoires de mode réalisés par des créateurs belges et européens. Afin de présenter une offre variée d’articles de façon optimale, Spationaute design (Matthieu

L’objectif du projet DESIGN IN est de renforcer et stimuler le développement des commerces de centre-ville par l’intégration du design
