{"id":1281,"date":"2021-11-02T12:02:15","date_gmt":"2021-11-02T11:02:15","guid":{"rendered":"https:\/\/design-in.city\/fr\/?p=1281"},"modified":"2021-11-16T10:40:40","modified_gmt":"2021-11-16T09:40:40","slug":"labeye-virau-vert-x-aequo","status":"publish","type":"shop","link":"https:\/\/design-in.city\/fr\/shop\/labeye-virau-vert-x-aequo\/","title":{"rendered":"Labeye Vir\u2019au Vert &#038; Aequo"},"content":{"rendered":"<p>Pour ses dix ans d\u2019existence, la fleuriste Labeye Vir\u2019au vert d\u00e9sirait apporter un nouveau souffle \u00e0 l\u2019am\u00e9nagement de son commerce. Aequo (Tim Defleur et Arthur Lenglin) ont r\u00e9alis\u00e9 un grand comptoir et du mobilier en utilisant de la brique alv\u00e9olaire comme mat\u00e9riau principal. S\u2019ajoute \u00e0 cet \u00e9l\u00e9ment central une structure en acier noir, plac\u00e9e en vitrine: elle permet d\u2019exposer les plantes en vente, tout en laissant deviner l\u2019int\u00e9rieur du commerce depuis la rue.<\/p>\n","protected":false},"featured_media":1432,"template":"","acf":[],"yoast_head":"<!-- This site is optimized with the Yoast SEO plugin v18.4.1 - https:\/\/yoast.com\/wordpress\/plugins\/seo\/ -->\n<title>Labeye Vir\u2019au Vert &amp; Aequo - Design&#039;In<\/title>\n<meta name=\"robots\" content=\"index, follow, max-snippet:-1, max-image-preview:large, max-video-preview:-1\" \/>\n<link rel=\"canonical\" href=\"https:\/\/design-in.city\/fr\/shop\/labeye-virau-vert-x-aequo\/\" \/>\n<meta property=\"og:locale\" content=\"fr_FR\" \/>\n<meta property=\"og:type\" content=\"article\" \/>\n<meta property=\"og:title\" content=\"Labeye Vir\u2019au Vert &amp; Aequo - Design&#039;In\" \/>\n<meta property=\"og:description\" content=\"Pour ses dix ans d\u2019existence, la fleuriste Labeye Vir\u2019au vert d\u00e9sirait apporter un nouveau souffle \u00e0 l\u2019am\u00e9nagement de son commerce. Aequo (Tim Defleur et Arthur Lenglin) ont\" \/>\n<meta property=\"og:url\" content=\"https:\/\/design-in.city\/fr\/shop\/labeye-virau-vert-x-aequo\/\" \/>\n<meta property=\"og:site_name\" content=\"Design&#039;In\" \/>\n<meta property=\"article:modified_time\" content=\"2021-11-16T09:40:40+00:00\" \/>\n<meta property=\"og:image\" content=\"https:\/\/design-in.city\/wp-content\/uploads\/2021\/11\/03-2021-Design-in-shops_LabeyeVirAuVert\u00a9AccalmieStudio-1-scaled.jpg\" \/>\n\t<meta property=\"og:image:width\" content=\"2560\" \/>\n\t<meta property=\"og:image:height\" content=\"1707\" \/>\n\t<meta property=\"og:image:type\" content=\"image\/jpeg\" \/>\n<meta name=\"twitter:card\" content=\"summary_large_image\" \/>\n<script type=\"application\/ld+json\" class=\"yoast-schema-graph\">{\"@context\":\"https:\/\/schema.org\",\"@graph\":[{\"@type\":\"WebSite\",\"@id\":\"http:\/\/design-in.city\/fr\/#website\",\"url\":\"http:\/\/design-in.city\/fr\/\",\"name\":\"Design&#039;In\",\"description\":\"L\u2019objectif du projet DESIGN IN est de renforcer et stimuler le d\u00e9veloppement des commerces de centre-ville par l\u2019int\u00e9gration du design\",\"potentialAction\":[{\"@type\":\"SearchAction\",\"target\":{\"@type\":\"EntryPoint\",\"urlTemplate\":\"http:\/\/design-in.city\/fr\/?s={search_term_string}\"},\"query-input\":\"required name=search_term_string\"}],\"inLanguage\":\"fr-FR\"},{\"@type\":\"ImageObject\",\"@id\":\"https:\/\/design-in.city\/fr\/shop\/labeye-virau-vert-x-aequo\/#primaryimage\",\"inLanguage\":\"fr-FR\",\"url\":\"https:\/\/design-in.city\/wp-content\/uploads\/2021\/11\/03-2021-Design-in-shops_LabeyeVirAuVert\u00a9AccalmieStudio-1-scaled.jpg\",\"contentUrl\":\"https:\/\/design-in.city\/wp-content\/uploads\/2021\/11\/03-2021-Design-in-shops_LabeyeVirAuVert\u00a9AccalmieStudio-1-scaled.jpg\",\"width\":2560,\"height\":1707},{\"@type\":\"WebPage\",\"@id\":\"https:\/\/design-in.city\/fr\/shop\/labeye-virau-vert-x-aequo\/#webpage\",\"url\":\"https:\/\/design-in.city\/fr\/shop\/labeye-virau-vert-x-aequo\/\",\"name\":\"Labeye Vir\u2019au Vert & Aequo - Design&#039;In\",\"isPartOf\":{\"@id\":\"http:\/\/design-in.city\/fr\/#website\"},\"primaryImageOfPage\":{\"@id\":\"https:\/\/design-in.city\/fr\/shop\/labeye-virau-vert-x-aequo\/#primaryimage\"},\"datePublished\":\"2021-11-02T11:02:15+00:00\",\"dateModified\":\"2021-11-16T09:40:40+00:00\",\"breadcrumb\":{\"@id\":\"https:\/\/design-in.city\/fr\/shop\/labeye-virau-vert-x-aequo\/#breadcrumb\"},\"inLanguage\":\"fr-FR\",\"potentialAction\":[{\"@type\":\"ReadAction\",\"target\":[\"https:\/\/design-in.city\/fr\/shop\/labeye-virau-vert-x-aequo\/\"]}]},{\"@type\":\"BreadcrumbList\",\"@id\":\"https:\/\/design-in.city\/fr\/shop\/labeye-virau-vert-x-aequo\/#breadcrumb\",\"itemListElement\":[{\"@type\":\"ListItem\",\"position\":1,\"name\":\"Accueil\",\"item\":\"http:\/\/design-in.city\/fr\/\"},{\"@type\":\"ListItem\",\"position\":2,\"name\":\"Labeye Vir\u2019au Vert &#038; Aequo\"}]}]}<\/script>\n<!-- \/ Yoast SEO plugin. -->","yoast_head_json":{"title":"Labeye Vir\u2019au Vert & Aequo - Design&#039;In","robots":{"index":"index","follow":"follow","max-snippet":"max-snippet:-1","max-image-preview":"max-image-preview:large","max-video-preview":"max-video-preview:-1"},"canonical":"https:\/\/design-in.city\/fr\/shop\/labeye-virau-vert-x-aequo\/","og_locale":"fr_FR","og_type":"article","og_title":"Labeye Vir\u2019au Vert & Aequo - Design&#039;In","og_description":"Pour ses dix ans d\u2019existence, la fleuriste Labeye Vir\u2019au vert d\u00e9sirait apporter un nouveau souffle \u00e0 l\u2019am\u00e9nagement de son commerce. Aequo (Tim Defleur et Arthur Lenglin) ont","og_url":"https:\/\/design-in.city\/fr\/shop\/labeye-virau-vert-x-aequo\/","og_site_name":"Design&#039;In","article_modified_time":"2021-11-16T09:40:40+00:00","og_image":[{"width":2560,"height":1707,"url":"https:\/\/design-in.city\/wp-content\/uploads\/2021\/11\/03-2021-Design-in-shops_LabeyeVirAuVert\u00a9AccalmieStudio-1-scaled.jpg","type":"image\/jpeg"}],"twitter_card":"summary_large_image","schema":{"@context":"https:\/\/schema.org","@graph":[{"@type":"WebSite","@id":"http:\/\/design-in.city\/fr\/#website","url":"http:\/\/design-in.city\/fr\/","name":"Design&#039;In","description":"L\u2019objectif du projet DESIGN IN est de renforcer et stimuler le d\u00e9veloppement des commerces de centre-ville par l\u2019int\u00e9gration du design","potentialAction":[{"@type":"SearchAction","target":{"@type":"EntryPoint","urlTemplate":"http:\/\/design-in.city\/fr\/?s={search_term_string}"},"query-input":"required name=search_term_string"}],"inLanguage":"fr-FR"},{"@type":"ImageObject","@id":"https:\/\/design-in.city\/fr\/shop\/labeye-virau-vert-x-aequo\/#primaryimage","inLanguage":"fr-FR","url":"https:\/\/design-in.city\/wp-content\/uploads\/2021\/11\/03-2021-Design-in-shops_LabeyeVirAuVert\u00a9AccalmieStudio-1-scaled.jpg","contentUrl":"https:\/\/design-in.city\/wp-content\/uploads\/2021\/11\/03-2021-Design-in-shops_LabeyeVirAuVert\u00a9AccalmieStudio-1-scaled.jpg","width":2560,"height":1707},{"@type":"WebPage","@id":"https:\/\/design-in.city\/fr\/shop\/labeye-virau-vert-x-aequo\/#webpage","url":"https:\/\/design-in.city\/fr\/shop\/labeye-virau-vert-x-aequo\/","name":"Labeye Vir\u2019au Vert & Aequo - Design&#039;In","isPartOf":{"@id":"http:\/\/design-in.city\/fr\/#website"},"primaryImageOfPage":{"@id":"https:\/\/design-in.city\/fr\/shop\/labeye-virau-vert-x-aequo\/#primaryimage"},"datePublished":"2021-11-02T11:02:15+00:00","dateModified":"2021-11-16T09:40:40+00:00","breadcrumb":{"@id":"https:\/\/design-in.city\/fr\/shop\/labeye-virau-vert-x-aequo\/#breadcrumb"},"inLanguage":"fr-FR","potentialAction":[{"@type":"ReadAction","target":["https:\/\/design-in.city\/fr\/shop\/labeye-virau-vert-x-aequo\/"]}]},{"@type":"BreadcrumbList","@id":"https:\/\/design-in.city\/fr\/shop\/labeye-virau-vert-x-aequo\/#breadcrumb","itemListElement":[{"@type":"ListItem","position":1,"name":"Accueil","item":"http:\/\/design-in.city\/fr\/"},{"@type":"ListItem","position":2,"name":"Labeye Vir\u2019au Vert &#038; Aequo"}]}]}},"_links":{"self":[{"href":"https:\/\/design-in.city\/fr\/wp-json\/wp\/v2\/shop\/1281"}],"collection":[{"href":"https:\/\/design-in.city\/fr\/wp-json\/wp\/v2\/shop"}],"about":[{"href":"https:\/\/design-in.city\/fr\/wp-json\/wp\/v2\/types\/shop"}],"wp:featuredmedia":[{"embeddable":true,"href":"https:\/\/design-in.city\/fr\/wp-json\/wp\/v2\/media\/1432"}],"wp:attachment":[{"href":"https:\/\/design-in.city\/fr\/wp-json\/wp\/v2\/media?parent=1281"}],"curies":[{"name":"wp","href":"https:\/\/api.w.org\/{rel}","templated":true}]}}

<p>Pour ses dix ans d’existence, la fleuriste Labeye Vir’au vert désirait apporter un nouveau souffle à l’aménagement de son commerce. Aequo (Tim Defleur et Arthur Lenglin) ont réalisé un grand comptoir et du mobilier en utilisant de la brique alvéolaire comme matériau principal. S’ajoute à cet élément central une structure en acier noir, placée en vitrine: elle permet d’exposer les plantes en vente, tout en laissant deviner l’intérieur du commerce depuis la rue.</p>

<!-- This site is optimized with the Yoast SEO plugin v18.4.1 - https://yoast.com/wordpress/plugins/seo/ -->
<title>Labeye Vir’au Vert &amp; Aequo - Design&#039;In</title>
<meta name="robots" content="index, follow, max-snippet:-1, max-image-preview:large, max-video-preview:-1" />
<link rel="canonical" href="https://design-in.city/fr/shop/labeye-virau-vert-x-aequo/" />
<meta property="og:locale" content="fr_FR" />
<meta property="og:type" content="article" />
<meta property="og:title" content="Labeye Vir’au Vert &amp; Aequo - Design&#039;In" />
<meta property="og:description" content="Pour ses dix ans d’existence, la fleuriste Labeye Vir’au vert désirait apporter un nouveau souffle à l’aménagement de son commerce. Aequo (Tim Defleur et Arthur Lenglin) ont" />
<meta property="og:url" content="https://design-in.city/fr/shop/labeye-virau-vert-x-aequo/" />
<meta property="og:site_name" content="Design&#039;In" />
<meta property="article:modified_time" content="2021-11-16T09:40:40+00:00" />
<meta property="og:image" content="https://design-in.city/wp-content/uploads/2021/11/03-2021-Design-in-shops_LabeyeVirAuVert©AccalmieStudio-1-scaled.jpg" />
	<meta property="og:image:width" content="2560" />
	<meta property="og:image:height" content="1707" />
	<meta property="og:image:type" content="image/jpeg" />
<meta name="twitter:card" content="summary_large_image" />
<script type="application/ld+json" class="yoast-schema-graph">{"@context":"https://schema.org","@graph":[{"@type":"WebSite","@id":"http://design-in.city/fr/#website","url":"http://design-in.city/fr/","name":"Design&#039;In","description":"L’objectif du projet DESIGN IN est de renforcer et stimuler le développement des commerces de centre-ville par l’intégration du design","potentialAction":[{"@type":"SearchAction","target":{"@type":"EntryPoint","urlTemplate":"http://design-in.city/fr/?s={search_term_string}"},"query-input":"required name=search_term_string"}],"inLanguage":"fr-FR"},{"@type":"ImageObject","@id":"https://design-in.city/fr/shop/labeye-virau-vert-x-aequo/#primaryimage","inLanguage":"fr-FR","url":"https://design-in.city/wp-content/uploads/2021/11/03-2021-Design-in-shops_LabeyeVirAuVert©AccalmieStudio-1-scaled.jpg","contentUrl":"https://design-in.city/wp-content/uploads/2021/11/03-2021-Design-in-shops_LabeyeVirAuVert©AccalmieStudio-1-scaled.jpg","width":2560,"height":1707},{"@type":"WebPage","@id":"https://design-in.city/fr/shop/labeye-virau-vert-x-aequo/#webpage","url":"https://design-in.city/fr/shop/labeye-virau-vert-x-aequo/","name":"Labeye Vir’au Vert & Aequo - Design&#039;In","isPartOf":{"@id":"http://design-in.city/fr/#website"},"primaryImageOfPage":{"@id":"https://design-in.city/fr/shop/labeye-virau-vert-x-aequo/#primaryimage"},"datePublished":"2021-11-02T11:02:15+00:00","dateModified":"2021-11-16T09:40:40+00:00","breadcrumb":{"@id":"https://design-in.city/fr/shop/labeye-virau-vert-x-aequo/#breadcrumb"},"inLanguage":"fr-FR","potentialAction":[{"@type":"ReadAction","target":["https://design-in.city/fr/shop/labeye-virau-vert-x-aequo/"]}]},{"@type":"BreadcrumbList","@id":"https://design-in.city/fr/shop/labeye-virau-vert-x-aequo/#breadcrumb","itemListElement":[{"@type":"ListItem","position":1,"name":"Accueil","item":"http://design-in.city/fr/"},{"@type":"ListItem","position":2,"name":"Labeye Vir’au Vert &#038; Aequo"}]}]}</script>
<!-- / Yoast SEO plugin. -->

Pour ses dix ans d’existence, la fleuriste Labeye Vir’au vert désirait apporter un nouveau souffle à l’aménagement de son commerce. Aequo (Tim Defleur et Arthur Lenglin) ont

L’objectif du projet DESIGN IN est de renforcer et stimuler le développement des commerces de centre-ville par l’intégration du design
